. Suppose 4*g + i = -2*i + j, 4*g + 4*i = 500. Let y = 7 - -18. What is the highest common divisor of y and g?
25
Let q = 32 - 7. Let p(i) = 14*i - 4. Let m be p(1). What is the highest common factor of q and m?
5
Suppose 2*t + 2*h - 2 = 0, 6*t - t + 2*h = -1. Let r be 4 - (-8)/t - -28. Suppose 3*j - 5*j + 6 = 0. What is the greatest common factor of j and r?
3
Suppose 525 = 7*h + 18*h. Let x(f) = 25*f + 5. Let z be 6/15 - 18/(-5). Let q be x(z). What is the greatest common factor of q and h?
21
Suppose -4567 - 11433 = -32*r. Calculate the highest common divisor of r and 300.
100
Suppose -100 = d - 5*d. Let r(u) = u**3 - 6*u**2 - 6*u - 11. Let b be r(7). Let n be (-3)/(b - -3) - -2. Calculate the highest common divisor of d and n.
5
Let c(b) = -b - 3. Let f be c(-5). Suppose 0 = -f*w - 2*w - 272. Let y = w + 116. What is the greatest common divisor of y and 32?
16
Let y = 168 - -77. Calculate the greatest common divisor of 70 and y.
35
Suppose -18*i = -253 - 737. What is the highest common factor of 55 and i?
55
Let k(d) = -16*d. Let g be k(1). Let m be (-26)/7 + (-5)/((-175)/(-10)). Let s = m - g. What is the highest common divisor of 96 and s?
12
Let n(l) = -214*l - 12. Let t be n(-3). Calculate the greatest common divisor of t and 63.
63
Suppose -4*f + 396 = -2*f. Suppose 28 = 5*a - 3*a. Let u be a + (4 - (1 + -1)). Calculate the greatest common factor of u and f.
18
Let x = 1070 + -139. Calculate the greatest common divisor of 19 and x.
19
Suppose g - 6 + 0 = 0. Let y(t) be the third derivative of 7*t**4/8 + 10*t**2. Let k be y(2). What is the highest common divisor of k and g?
6
Suppose -4*s = g + 17, -g - 5*s - 9 = 13. Let z be (-28)/(-42) + 10/g. Let v be z/(-14) - (-636)/21. What is the greatest common factor of v and 330?
30
Suppose -5*v = -31 + 406. Suppose 0 = 6*l - l + 175. Let j = l - v. Calculate the greatest common factor of j and 8.
8
Let f be ((-80)/14)/(3/((-42)/4)). Suppose 0 = 2*t + 4*n - 36, 2*n + 6 + 4 = 0. Let p = t - f. Calculate the greatest common divisor of p and 8.
8
Let m(a) = a**3 + 2*a**2 - 13*a - 13. Let f be m(-4). Suppose -2*l - 2*h = -32, 2*l - 2*h = 30 + 22. Calculate the highest common divisor of l and f.
7
Suppose 433*i = 428*i + 630. Calculate the highest common divisor of 18 and i.
18
Let o = 125 - 124. Suppose 3*r - w - 106 = -o, -5*r + 167 = w. Let f(x) = 16*x + 6. Let g be f(6). What is the greatest common factor of g and r?
34
Let i be -38 + 45 + (2 - -336). Calculate the greatest common factor of 207 and i.
69
Suppose 0 = -2*y - 4*c + 25 + 3, 4*y = 4*c + 20. Suppose 2*f - g - 114 = 0, -147 - 137 = -5*f + 2*g. What is the greatest common factor of y and f?
8
Let g = 102 + -90. Suppose -a = a + 3*u + 4, 2*a - g = u. Calculate the greatest common divisor of a and 12.
4
Suppose -129*o + 29*o = -40*o - 1680. Suppose 30 = -2*p + 114. Calculate the highest common divisor of o and p.
14
Let a be 8/56 + (-13)/(-7) + -2. Let i(n) = -n**2 + 2*n + 20. Let j be i(a). Calculate the highest common divisor of 1 and j.
1
Let a(v) = -14*v - 24. Let t be a(-2). What is the greatest common factor of 4 and t?
4
Suppose -4*i - 3*j = -146, 5*j + 18 + 112 = 4*i. Suppose -5*h + i = m, -3*m = -5*h + 64 - 9. What is the highest common divisor of h and 88?
8
Suppose -12*u - 108 = -14*u. What is the greatest common divisor of 162 and u?
54
Let h(s) = -7*s - 49. Let u(c) = 3*c + 24. Let v(r) = 3*h(r) + 5*u(r). Let f be v(-12). Let o = -15 + 20. What is the highest common divisor of f and o?
5
Suppose 2*h + h = 12. Let u be (-46740)/(-2508) - (-4)/11. Suppose h*r = u + 21. What is the greatest common divisor of r and 2?
2
Let u(m) = -m**2 + 2*m + 2. Let w be u(0). Calculate the greatest common divisor of 1 and w.
1
Let h be 1/((-3)/(-133 - 2)). Suppose -2*v - 3*y = -5 - 10, 3*v + 5*y = 22. Calculate the highest common divisor of v and h.
9
Let o = -76 - -96. What is the greatest common factor of o and 60?
20
Let x = -90 - -318. Let m = x - 154. Let s = 189 - m. What is the highest common divisor of 46 and s?
23
Suppose -2*p - 4 = 2*r, -4*p - 18 = -2*r + 2. Let u be (5 - (-12)/p)*2. What is the greatest common factor of 4 and u?
4
Suppose 2*u + 5*t = 136 + 23, -2*u + 149 = 3*t. Calculate the highest common factor of u and 469.
67
Let b(g) = -g**2 - 25*g - 28. Let m be b(-16). Calculate the highest common factor of 87 and m.
29
Suppose 0*r + 294 = -4*r + 2*n, 0 = 4*r + 5*n + 273. Let h = -12 - r. What is the greatest common factor of 12 and h?
12
Let p(f) = -f**2 + 12*f + 3. Let v be p(9). Let s = -27 + v. Suppose 2*d - s*m = 159, -d + 6*d - 2*m - 370 = 0. What is the highest common divisor of 8 and d?
8
Let d(z) = -3 + 1 - 5 + z - 1. Let j be d(5). Let b(w) = -54*w + 3. Let n be b(j). Calculate the greatest common factor of n and 15.
15
Suppose 4 = -2*o + 2*r, 4*o - 2*r - 1 = 1. Suppose 4*h - o*h - 140 = -4*f, f - 35 = 4*h. Let x = f + -28. What is the highest common factor of 28 and x?
7
Suppose -2*f + 3*z = 2*z - 14, 5*z + 14 = 3*f. Suppose 0 = 4*n - 20, -3*r - 3*n - 64 = 53. Let j = 68 + r. Calculate the greatest common divisor of f and j.
8
Suppose 0*b - 63 = -3*b. Let r be b/6*44 - -1. Let m = r - 27. Calculate the highest common factor of 16 and m.
16
Let d(r) = r**3 + 3*r**2 - 11*r + 7. Let c be d(4). Calculate the greatest common factor of 6 and c.
3
Suppose -13 = -3*v + 5*n + 7, -17 = -3*v + 2*n. Suppose 134 = v*p - 6. Let x = 12 + -8. What is the greatest common factor of x and p?
4
Let w = 3613 - 3607. Suppose -3*g + 16 = 4*v - 47, -4*g = v - 6. Calculate the highest common factor of v and w.
6
Suppose 126*o - 598 = 124*o. Calculate the greatest common divisor of o and 13.
13
Let k(g) = 152*g - 12. Let t be k(1). Suppose -2*c + 4*c - t = 0. Let b(j) = -10*j**3 - j - 1. Let p be b(-1). Calculate the highest common factor of p and c.
10
Suppose 5*n = -0*n + 70. Calculate the greatest common factor of n and 196.
14
Suppose 2*y + 3*m = 444, 2*y - 2*m + 155 = 599. Calculate the greatest common factor of 12 and y.
6
Suppose 0*m - 7*m + 14 = 0. Suppose -m*o = -2*y - 44, -y - 3 + 5 = 0. Suppose 2*n + 3*n = 60. What is the greatest common divisor of o and n?
12
Let f(u) = 6*u - 17. Let v be f(22). Calculate the highest common divisor of v and 46.
23
Suppose 333 = 2*v + 45. Calculate the greatest common factor of v and 8.
8
Suppose 10*d - 4*c = 6*d + 244, 0 = 4*c - 8. What is the greatest common divisor of d and 168?
21
Let g(t) = t**2 - 2*t - 6. Let j be g(0). Let n = j + 4. Let o be (-33 - 6/n)*-3. What is the highest common divisor of 30 and o?
30
Let v(t) = 3*t**2 - 5*t + 2. Let b be v(2). Suppose -4 = b*y - 28. What is the greatest common divisor of y and 54?
6
Let n(z) = -z**2 - 3*z - 2. Let g be n(8). Let o be (g/(-4))/((-1)/(-2)). Let c be 2 + 7 - 8/2. Calculate the greatest common factor of o and c.
5
Let d be (-5)/((5/(-5))/1) + 11. What is the greatest common factor of 544 and d?
16
Let y be (-16)/6*(-6)/(-4). Let k be 140*(y/5)/(-2). What is the greatest common divisor of 7 and k?
7
Let o(n) = -6*n**2 - 82*n + 6. Let f be o(-12). What is the greatest common divisor of 189 and f?
63
Let f(k) = 9*k - 40. Let s = -114 + 119. Let c be f(s). Calculate the highest common factor of c and 15.
5
Suppose -16*f + 22981 = 33*f. What is the highest common factor of 67 and f?
67
Suppose j + 4 = 38. Suppose -2*q + 768 = q. Let c = -171 + q. Calculate the highest common divisor of j and c.
17
Suppose 0 = -a - 3*c + 74, 6*a + 2*c = 7*a - 74. Calculate the highest common divisor of a and 407.
37
Suppose 7*b - 5*f + 11 = 9*b, -f + 31 = 4*b. Let m(r) = 2*r**2 + 8*r + 6. Let l be m(-7). Calculate the highest common divisor of b and l.
8
Suppose -4 = -762*k + 761*k. Calculate the highest common factor of k and 44.
4
Let w = 620 - 618. Calculate the highest common factor of w and 37.
1
Let t(d) = d**3 + 5*d**2 - 23*d + 38. Let w be t(-8). Let c = 48 + 192. Calculate the highest common divisor of w and c.
30
Let a(g) = -4*g + 28. Let o be a(3). What is the greatest common divisor of 112 and o?
16
Let l(q) = 116*q**2 - 5*q - 21. Let i be l(4). What is the highest common divisor of i and 15?
15
Suppose -g + 3*p = 1539, 3*g - 3*p - p = -4612. Let k be (-8)/(-20) - g/10. Calculate the highest common factor of k and 14.
14
Suppose -330 = 462